9
Let j = -23 + 77. What is the highest common divisor of 18 and j?
18
Let j(g) = 10*g + 5. Let c be j(1). What is the greatest common divisor of 25 and c?
5
Let y = 128 + -104. Calculate the greatest common factor of 6 and y.
6
Suppose 3*x = l - 6*l - 165, 0 = -4*x - 5*l - 220. Let w = x - -34. Let o be (2 - 9)*72/w. What is the greatest common factor of 8 and o?
8
Let u = 15 - 10. Suppose 2*k - 55 = -s + 2*s, -4*k = s - 95. Calculate the highest common factor of u and k.
5
Let j = -6 - -3. Let b = 3 + j. Suppose b = l - 2*l + 176. What is the highest common factor of l and 22?
22
Let p = 8 + -3. Suppose 4*u + 3 = r + 14, -4*u = -p*r - 23. Suppose 0 = -u*f - 0*f + 10. What is the highest common factor of f and 15?
5
Let n(s) = 26*s**2 + 2*s - 1. Let r be n(1). Let z = -3 + r. Suppose -38*u + 35*u + 9 = 0. Calculate the highest common factor of z and u.
3
Let k(f) = -f**3 + 6*f**2 + 9*f + 10. Let s be 38/6 + (-4)/(-6). Let p be k(s). Calculate the highest common factor of p and 6.
6
Suppose 5*x + 30 = 10. Let p be 2/(-4)*(x + 2). What is the highest common factor of p and 3?
1
Let o = 21 + 24. Let u(k) = 33*k**3 - k**2 + 1. Let r be u(1). Suppose r = q + 3. Calculate the greatest common divisor of o and q.
15
Let p be (5 + -2)*(-8)/6. Let f be p/(-14) - 33/(-7). Let s(t) = 2*t**3 - 5*t**2 - 3. Let c be s(4). What is the greatest common divisor of c and f?
5
Suppose 4*x - 2*x + 602 = 0. Let g = x - -422. What is the highest common factor of g and 11?
11
Let w be 4/6*(-297)/(-6). Calculate the greatest common divisor of 11 and w.
11
Let l(y) = -18*y + 14. Let t be l(-3). Calculate the greatest common factor of t and 17.
17
Suppose 15 = 6*r - 3*r. Suppose -r*l + l = -240. Calculate the highest common factor of l and 6.
6
Let f(q) be the third derivative of q**6/30 + q**5/30 - q**3/6 - 4*q**2. Let i be f(1). Calculate the highest common divisor of i and 35.
5
Suppose -10 = r - 3*r. Suppose 0*h + r*h = 40. Suppose -4*y + l = -5*y + 33, 0 = -3*y - 4*l + 100. What is the greatest common factor of y and h?
8
Let v = -64 - -102. What is the greatest common divisor of v and 57?
19
Let k be 1 + (19 - (-3 + 3)). What is the greatest common factor of 4 and k?
4
Let x(h) = h**2 + 9*h + 10. Let o be 4/(-10) - (-172)/(-20). Let l be x(o). Calculate the greatest common factor of 110 and l.
10
Suppose 0*z + 1764 = 9*z. What is the highest common factor of 28 and z?
28
Let z = 22 + -7. Suppose -8 = -4*b + 16. What is the highest common factor of z and b?
3
Let w(r) = -2*r**2 - 18*r - 4. Let j(l) = -5*l**2 - 37*l - 7. Let k(h) = 3*j(h) - 7*w(h). Let o be k(14). What is the highest common divisor of o and 210?
21
Let x = 3 - 2. Let y = x + 1. Suppose -3*z = 3*w - 21, 2*z = 3*w - 3*z - 5. What is the greatest common factor of w and y?
1
Let k = 71 - -64. Calculate the greatest common factor of 15 and k.
15
Suppose 0*z - 4*z = -72. Suppose -4*j - l - 47 = -2*j, -j = 3*l + 11. Let x = j - -38. Calculate the highest common factor of z and x.
6
Let z(j) = 4*j - 4. Let s be z(7). Let t be s/(-9)*(-15)/4. Suppose -175 = -3*m + 95. What is the greatest common factor of t and m?
10
Suppose -1 + 55 = 2*z. Let u be 2/(-6) + 55/3. Calculate the highest common factor of u and z.
9
Let k(q) = -q - 4. Let b be k(-5). Let p = b + -1. Suppose p = t + 2*t - 66. What is the greatest common factor of t and 2?
2
Let c(v) = v**3 + v**2 - v + 1. Let j be c(1). Let p = -6 + 8. Calculate the greatest common factor of p and j.
2
Suppose 36 = -3*r + 171. Calculate the greatest common factor of r and 5.
5
Suppose -6*d + 25 = -11*d, 0 = -a - 2*d + 5. What is the highest common divisor of 3 and a?
3
Suppose 3*u + 15 = -2*o, 3*o - 12 = 2*o + 5*u. Let g(p) = -8*p + 3*p + 4*p**2 - 5*p**2. Let r be g(o). What is the highest common factor of 42 and r?
6
Let l be (-1)/((-1)/(-5) + 0). Let v = l - -7. What is the greatest common factor of 8 and v?
2
Let y = 102 - 46. What is the greatest common factor of y and 8?
8
Let j be (-28)/3*(-27)/18. What is the highest common divisor of j and 14?
14
Suppose 320 = 5*i - 80. What is the greatest common factor of 40 and i?
40
Let h = 32 + -17. Calculate the highest common factor of h and 45.
15
Let s(n) = -n**2 - 6*n + 3. Let i be s(-4). Let b = 64 - -35. Calculate the greatest common factor of i and b.
11
Let z(s) = s**2 - 14*s - 18. Let x be z(18). Calculate the greatest common factor of 108 and x.
54
Let n(m) = 2*m**2 - m - 2. Let u be n(-3). Let q be u - (-1)/(3/3). Let r be 20*(0 - (-6)/4). Calculate the greatest common divisor of r and q.
10
Suppose 4*q + 5*n - 33 = 6, -2*n = q - 9. Let g = 43 + -21. What is the greatest common factor of q and g?
11
Suppose 3*u + 2*u - 773 = 3*j, 0 = -2*j - 2. Calculate the greatest common divisor of u and 22.
22
Let v = 11 + -7. Suppose -8*b + v*b - 852 = 0. Let i = -132 - b. Calculate the highest common divisor of 9 and i.
9
Let a(f) = 32*f**3 - 1. Let i be a(-1). Let p be i*2/6*-2. Let q be 1/(-1 - (-36)/33). What is the highest common divisor of p and q?
11
Let b(i) = i**2 - 3. Let a be b(-5). Calculate the greatest common divisor of a and 55.
11
Let h(g) = g + 14. Let f be h(-10). Let o be (1 + -6)*-1*f. What is the highest common factor of 5 and o?
5
Suppose m - 37 = -4. Suppose 5*d - m = b, 2*d - b - b - 10 = 0. What is the highest common factor of d and 63?
7
Let b(d) = d + 7. Let o be b(-6). Let v = o + 1. Suppose 2*k = -v*k + 20. Calculate the highest common factor of k and 35.
5
Suppose -3*r - r + 2*t + 46 = 0, 3*r - 33 = t. What is the greatest common divisor of r and 20?
10
Let k be (-1452)/(-18) + (-1)/(-3). Let b = 191 - k. Calculate the highest common factor of b and 10.
10
Suppose 4*k = 8*k - 32. Suppose u + 3*o = -4, 4*u = k*u - 2*o + 86. Let j = u + 27. Calculate the highest common factor of j and 2.
2
Suppose -3*m - 2*t = -100, -t + 4*t = 3*m - 120. Let w be 2 - -8*(2 + 0). Calculate the greatest common factor of w and m.
18
Let n be (-54)/(-15) - (-4)/10. What is the greatest common divisor of n and 16?
4
Suppose 80*q - 84*q = -60. What is the highest common factor of q and 35?
5
Let w be (-42)/(-9) + 1/3. Let a(k) = -k**3 + 8*k**2 - 2*k - 5. Let y be a(w). Calculate the highest common divisor of y and 12.
12
Let g = 216 - 126. Let l be (-5 + 1)*g/(-40). Calculate the highest common factor of 99 and l.
9
Let z be 0*(2 + (-5)/2). Suppose 4*w - 2*q - 186 = z, 2*q = -4*w + q + 195. Calculate the highest common factor of w and 12.
12
Let p = 247 + -49. What is the greatest common factor of 18 and p?
18
Suppose 3*l = 190 + 98. Suppose -2*z = 3*c + 40, -z + 7 = 4*c + 22. Let f = -11 - z. Calculate the greatest common divisor of f and l.
12
Suppose 31*y = 26*y + 340. Calculate the greatest common divisor of y and 17.
17
Suppose -2*y - 20 = -4*y. Suppose -6*o + 840 = -2*o. Suppose 0 = -0*j - 3*j + o. What is the highest common divisor of j and y?
10
Let z(y) = -12*y**3 - 2*y - 1. Let t be z(-1). Calculate the highest common divisor of 13 and t.
13
Suppose j - 3*i - 9 = 0, 3*i + 5 = -1. Suppose j*k + k - 68 = 0. Calculate the highest common factor of k and 119.
17
Let i = -13 - -17. Let f be 19 + ((-12)/i - -7). Let z = 60 - 37. Calculate the greatest common divisor of z and f.
23
Suppose -3*w - 7 = -112. What is the highest common factor of 7 and w?
7
Let c(a) = -a**2 + 9*a + 4. Let y be c(8). Calculate the highest common divisor of 12 and y.
12
Suppose 0 = -7*w + 4*w + 147. Let x = w - 35. What is the greatest common divisor of x and 2?
2
Suppose -2*p - 4*q = -5 - 3, 12 = 3*p + 2*q. Suppose -p*s = -2*s - 36. What is the greatest common factor of s and 36?
18
Let g = 6 - -20. Suppose -2*d - 3*d = 3*i - 14, -4*i + g = 3*d. Calculate the highest common divisor of i and 1.
1
Let y = 6 + 6. Suppose s = -s + 6. Suppose s*f - 45 = 135. What is the highest common divisor of f and y?
12
Suppose -d - 40 = -4*s + 20, 2*s - 2*d = 24. What is the highest common divisor of s and 112?
16
Suppose -5*z - 2*l = -956, 2*z + 3*l = 312 + 77. Calculate the greatest common factor of 10 and z.
10
Suppose -4*r = -2*b - 3*b + 101, -4*b = 4*r - 52. Calculate the greatest common factor of b and 34.
17
Suppose -3*y - v + 132 = 0, 4*v - 81 = -3*y + 51. What is the highest common factor of 22 and y?
22
Let k(q) = q**3 - 2*q**2 + 2*q 